r when 55 is divided by o.
24
Suppose 0 = m - k - 2, -4 = -2*k - 2*k. Suppose 0 = -m*v + o + 26, 0 = -v + 4*o - 0 + 5. What is the remainder when v is divided by 5?
4
Suppose -3*i = -3*k + 15, -4*k + 14 = 2*i - 0. Suppose 0 = k*y + a - 35, -3*a - 2 = -11. Calculate the remainder when 14 is divided by y.
6
Let n(y) = y**2 - 3*y + 2. Let m be n(3). Suppose b + 3*s = 6*b - 87, -m*b + 5*s + 31 = 0. What is the remainder when 53 is divided by b?
17
Let v = 151 - 91. What is the remainder when 178 is divided by v?
58
Let r = -16 + 26. Calculate the remainder when 37 is divided by r.
7
Suppose -u + 2 - 1 = 0. What is the remainder when u is divided by 1?
0
Let w(c) be the first derivative of -c**4/4 + 8*c**3/3 - 3*c**2 - 3*c - 2. Calculate the remainder when w(6) is divided by 9.
6
Suppose 4*z + 24 = 5*z. Suppose 5*s - 8 = 5*c + 42, 3*c = -15. Suppose s*p + u - 12 = 4*p, 3*u - 10 = -p. What is the remainder when z is divided by p?
11
Let r = -9 + 34. Suppose 0 = 3*i + 2*i + d - r, -2*d + 5 = i. What is the remainder when 8 is divided by i?
3
Let m = -72 - -122. Suppose 2*y + 12 = 4*a + 118, -4*a = 2*y + 110. Let x = m + a. Calculate the remainder when x is divided by 6.
5
Suppose v = 4*v - 18. Calculate the remainder when v is divided by 3.
0
Let t be 8/5 - (-2)/5. Let q = -1 + t. Let h(z) = z - 1. What is the remainder when h(2) is divided by q?
0
Let i(k) = k**3 + 3*k**2 - 3*k + 2. Let f(t) = 3*t**2 + 2*t + 1. Let j be f(-1). What is the remainder when i(j) is divided by ((-85)/10 - -11)*18/5?
7
Let s(m) = m**2 - 43. Let r = 27 - 7. What is the remainder when s(-11) is divided by r?
18
Let o be ((-9)/3)/3 + 52. Let j = o - 28. What is the remainder when j is divided by 8?
7
Let n = -4 - -21. Calculate the remainder when 47 is divided by n.
13
Suppose f - 2*f = 0. Suppose 0*y + y - 6 = f. What is the remainder when (-39)/(-4) - (-1)/4 is divided by y?
4
Let n(g) = -g**2 - g + 19. Suppose y = -p + 71, -5*y - 3*p + 275 + 78 = 0. Calculate the remainder when n(0) is divided by (y/(-21))/(2/(-6)).
9
Let u = -20 - -33. Suppose -2*t + 9 = -2*x - u, -4*x - 20 = 0. Suppose 5*z = 4*r - 69, 0 = 5*r - z + 3*z - 111. Calculate the remainder when r is divided by t.
3
Let h = 19 - -42. Calculate the remainder when h is divided by 7.
5
Suppose 2*l - 55 = -5*x, x - 3*l = -0 - 6. Let t(b) = b**2 - 7*b. Suppose 5*y - y = 208. Calculate the remainder when y is divided by t(x).
16
Let k be 0 + 4 - 0/(-1). Suppose k*n - 7 - 53 = 0. Calculate the remainder when 44 is divided by n.
14
Calculate the remainder when (-6)/9 - (-2140)/15 is divided by 48.
46
Let a(j) = -32*j. Let n be a(-2). Suppose 0 = -5*h + 3*h + n. What is the remainder when h is divided by 11?
10
Let m(y) = -y**3 - 6*y**2 + 3*y - 6. Let o be m(-7). Let v = o + 28. Calculate the remainder when v is divided by 17.
16
Let o(c) be the third derivative of c**6/120 + 2*c**5/15 - 11*c**4/24 - 13*c**3/6 + 2*c**2. What is the remainder when 17 is divided by o(-9)?
2
Let z = 9 - 5. Let m(o) = 8*o**2 - 4*o - 2. Let f(t) = -9*t**2 + 5*t + 2. Let n(d) = 6*f(d) + 7*m(d). Calculate the remainder when n(-3) is divided by z.
2
Let d(q) be the first derivative of q**2/2 + 12*q + 3. Let c = 0 + 2. Calculate the remainder when d(-9) is divided by c.
1
Suppose -d - 40 = -4*u, -u + 3*d + 0 = 1. Let q = 19 - u. Calculate the remainder when 50/(2 + 0) + -2 is divided by q.
7
Suppose t - n + 37 + 26 = 0, 0 = -3*t + 2*n - 190. Let k = t - -16. Let z = k + 67. Calculate the remainder when z is divided by 7.
5
Suppose 0 = 3*u - 31 + 10. What is the remainder when 17 is divided by u?
3
Suppose -u - 15 = 2*u. Let w = u - -24. Calculate the remainder when w is divided by 7.
5
Suppose 98 = n - 2*l, 0 = -4*n - 2*l - l + 337. What is the remainder when ((-4)/(-8))/(4/n) is divided by 7?
4
Suppose 2*w - 21 = 3. Calculate the remainder when 19 is divided by w.
7
Let y(a) = -2*a**2 + 5*a - 3. Let g be y(3). Let p(t) = -t**3 - 6*t**2 + 2*t - 3. Let d be p(g). Let o = 26 - d. What is the remainder when o is divided by 14?
13
Let q = -1 + 3. Let d = q + -1. Calculate the remainder when (-8 + 7)/(1*-1) is divided by d.
0
Let d = -7 + 24. Suppose 0 = -x - 4*x - 180. What is the remainder when d is divided by -1*x/(2 - -2)?
8
Suppose -5*h = -78 - 17. Let g(w) = w**2 + 9. What is the remainder when g(-8) is divided by h?
16
Let q(y) = -y - 6. Let c be q(-9). Suppose o + 0*o = 5*z + 54, -c*o + 3*z = -138. Calculate the remainder when o is divided by (3 + -1)/(2/15).
14
Let t(q) = -5*q - 2. Suppose 0*k = 3*k. Suppose 4*v + 5*r - 16 - 21 = 0, k = 5*v + 4*r - 44. Calculate the remainder when t(-5) is divided by v.
7
Suppose -2*a = -m + 9, a + 0*a = -5*m + 34. Let v = 6 + -26. Let l = -8 - v. Calculate the remainder when l is divided by m.
5
Let n(o) = -1 - 6*o**3 - 12*o**3 + o**2 + 0*o**3. Suppose -4 - 26 = -3*l. What is the remainder when n(-1) is divided by l?
8
Suppose -14*m = -1852 + 298. Calculate the remainder when m is divided by 23.
19
Suppose 0 = -5*u + 12 + 28. Let d(g) = 4*g**2 - 1. Let v be d(2). Suppose 2*m - m = v. Calculate the remainder when m is divided by u.
7
Let y(c) = 2*c**2 - 4*c + 4. What is the remainder when 59 is divided by y(3)?
9
Suppose -3*l = -0*l - 18. Let d = 15 - 9. Suppose 3*f + d = 39. What is the remainder when f is divided by l?
5
Let y = -7 - -63. Calculate the remainder when y is divided by 15.
11
Let r = 5 - 2. Suppose 0 = -5*x - s + 19 - 0, -4*x - 4*s + 12 = 0. What is the remainder when r/(3/2) - -8 is divided by x?
2
Calculate the remainder when 3 + (-207)/(-15) - (-1)/5 is divided by 10.
7
Suppose -5*h - 5*j + 35 = 0, 2*h + 17 = 4*j + 1. Calculate the remainder when (h + -1)*(-65)/(-5) is divided by 7.
6
Let d(f) = f**2 - 6*f + 10. Calculate the remainder when 26 is divided by d(6).
6
Suppose -4*a - 4*h + 37 = -h, 0 = 2*a - h - 11. What is the remainder when a is divided by 3?
1
Let c(d) = 5*d - 28. Suppose 2*z + 4 = 0, 0 = 3*h + 2*h + 3*z - 94. Calculate the remainder when h is divided by c(7).
6
Suppose -4*q = -3*l + 5 + 11, 2*q - 18 = -5*l. What is the remainder when 10 is divided by l?
2
Suppose -54*t + 10 = -49*t. Let n(b) = 5*b**2 + 2*b - 7. Let s be n(-6). Calculate the remainder when s/21 + t/6 is divided by 5.
3
Suppose -2*j + 8 = -24. Let g = 9 - 14. Let d(b) = -6*b + 1. Calculate the remainder when d(g) is divided by j.
15
What is the remainder when -18*((-4)/12 - 2) is divided by 16?
10
Suppose -3*u = l - 5, 10*l + 32 = 4*u + 5*l. Suppose 93 - 13 = 5*g. Suppose -d = u*d - g. What is the remainder when 11 is divided by d?
3
Suppose 4*h + 5 + 3 = 0. Suppose 5*d = 38 - 108. Let s = h - d. Calculate the remainder when s is divided by 7.
5
Suppose j - 7*b + 3*b - 30 = 0, 0 = 4*j - 2*b - 120. What is the remainder when j is divided by 9 - 2/(-6)*-3?
6
Suppose -28 = -4*m - 4*i, -5*m + i - 3*i + 23 = 0. Calculate the remainder when 7 is divided by m.
1
Suppose 3*j + 3 = -q, 3*q = j - 0*j + 11. Calculate the remainder when q is divided by 2.
1
Let b be -8 + 0*(3 + -2). What is the remainder when 18/b*(-8)/3 is divided by 2?
0
Let x be 6/(6/2 - 1). Suppose x*g + 2*g - 250 = -4*n, n = 4*g - 200. Calculate the remainder when g is divided by 17.
16
Suppose 46 + 0 = a. Suppose 6 = -5*b + 3*b. What is the remainder when a is divided by 24*-6*b/27?
14
Suppose 0*h = -3*h - 21. Let z(k) = k**3 + 6*k**2 - 11*k - 4. What is the remainder when z(h) is divided by 14?
10
Let b be (-14)/(-8) + 2/8. Calculate the remainder when 8 is divided by 1 - 1/(b/(-4)).
2
Let h be 2 + 0/3 + -36. Let v be (h/(-6))/((-1)/12). What is the remainder when v/(3/(9/(-6))) is divided by 18?
16
Calculate the remainder when 41 is divided by ((-5)/10*22)/(-1).
8
Let h(s) = 5*s**3 - 3*s**2 - s + 3. What is the remainder when 14 is divided by h(1)?
2
Suppose r = -4*r + 460. Calculate the remainder when r is divided by 19.
16
Suppose o = -7 + 1. Let b = o + 11. Suppose -3*r - 2*t = 2*r - 115, 0 = -3*r + b*t + 38. What is the remainder when r is divided by 11?
10
Suppose 0 = 3*d - 6 - 3. Let s be (-7)/(-1) - (d - 2). Suppose 3 = -3*l - s, 2*a - 41 = l. What is the remainder when a is divided by 10?
9
Suppose -2*m = -m - 4. What is the remainder when 13 is divided by m?
1
Suppose -8 + 95 = 3*p. Calculate the remainder when p is divided by 16.
